t n(x) = -x**2 + 3 - 5 - 2*x + x. Calculate n(h).
-14
Let f(z) = -14*z + 38. Let s(d) = -6*d + 19. Let w(v) = -2*f(v) + 5*s(v). Determine w(12).
-5
Let f(n) = -34 + 75 - n**2 - 42. Let p(h) = h**3 - 13*h**2 - h + 19. Let l be p(13). Let t(b) = 7*b**2 - 2*b + 10. Let y(d) = l*f(d) + t(d). What is y(3)?
7
Let b(j) = j + 3. Let y be (-98)/(-21) - (0 - (-2)/3). Suppose -5*i = 0, -3 = y*c - i + 5. Let p be c - 3/(6/(-16)). Give b(p).
9
Let q be (-338)/6 - (4 - 50/15). Let w = q + 57. Let r(j) = -j**2 - j + 8. Give r(w).
8
Let y(h) = -2*h**3 + h - 2. Let q = -12163 + 12164. What is y(q)?
-3
Let b(h) be the second derivative of -h**2 + 1/12*h**4 - 42*h + 0 - h**3. What is b(7)?
5
Suppose 0 = -0*w + 2*w - 4. Let j(t) be the second derivative of 0*t**2 + 144*t - 5/3*t**3 + 0. Calculate j(w).
-20
Suppose 10*n = 9*n - 5*h - 6, -5*n = -2*h - 78. Suppose 3*f = v + n, -4*f = 4*v - 5*f + 1. Let k(a) = -8*a**3 + a**2 - a + 1. Give k(v).
-7
Let a(v) = -4*v + 2. Let z(r) = 7*r - 3. Let w be (38/(-10) - 12/(-15))/1. Let t(j) = w*z(j) - 5*a(j). Let x be (2 + (-3 - -2))*-3. What is t(x)?
2
Let d be (-2)/((-18)/(-14) - 1). Let f be (d - (-8 + 0))*(-1 - 2). Let n(t) = 4*t - 1. Calculate n(f).
-13
Let w = 10178 - 10172. Let p(k) = k**3 - 6*k**2 + 31*k - 178. Determine p(w).
8
Let q(k) = k - 3. Let s(i) = -2*i + 5. Let t(f) = 3*q(f) + 2*s(f). Let m = -11 - -41. Let o be (16/(-10))/(12/m). Calculate t(o).
5
Let h(d) = -7*d + 8. Let z(j) = -j + 1. Let v(a) = 2*h(a) - 18*z(a). Let o(m) = 3*m**2 - 3*m - 4. Let b be o(3). Let g = b + -11. Calculate v(g).
10
Let k(q) = -q**3 + 61*q**2 - 169*q - 286. Let s be k(58). Let i(n) = 3*n**2 - n. Determine i(s).
44
Let b(v) = -v**3 + 5*v**2 + 6*v + 8. Let a(z) = -z**3 + 14*z**2 - 16*z + 45. Let w(h) = -h**2 - 17*h - 39. Let c be w(-13). Let t be a(c). Calculate b(t).
8
Suppose 0*r - 5*r = 25. Suppose -7*n = -6*n + 2, -3*q + 3*n + 15 = 0. Let x(m) = -10*m - 24. Let z(b) = 2*b + 5. Let p(f) = q*x(f) + 14*z(f). Calculate p(r).
8
Let q = -73 - -82. Let s(b) = -q*b + 2 + 11*b - 5*b - b**2. Calculate s(-3).
2
Let f = -2 + 4. Suppose -8 = f*k + 2. Let h(v) = -5*v**2 - 7*v - 2. Let r(q) = -q**2 - 2*q - 1. Let m(x) = -h(x) + 6*r(x). Calculate m(k).
-4
Let y(s) = 10*s + 158. Let p(f) = 8*f + 120. Let o(c) = 3*p(c) - 2*y(c). What is o(-7)?
16
Let q(v) = 5*v**2 - 13*v + 27. Let c(a) = 11*a**2 - 24*a + 57. Let j(f) = 4*c(f) - 9*q(f). Determine j(16).
65
Suppose 0 = -5*l + 6*l. Let w(f) = 2 + 0 + l*f + f. Let d = -10473 + 10467. Calculate w(d).
-4
Let r(v) be the second derivative of 10*v**3/3 + 4*v**2 + 11280*v. What is r(-3)?
-52
Let q(b) be the second derivative of -b**5/20 + 2*b**3/3 + b**2 + 533*b. What is q(2)?
2
Let j(y) = 40*y**2 - 18 - 5*y - 12*y - 41*y**2. Let s be j(-17). Let o be s/(-72) - (-3)/4. Let l(d) = 14*d**2 + 1. Give l(o).
15
Let r(s) = -3*s**2 - 12*s - 9. Let a(h) = h**2 - 34*h + 282. Let b be a(19). Calculate r(b).
0
Suppose 50 = -5*q + 4*h, -2*q - 3*h + 8*h = 3. Let l(p) = -p**2 - 18*p - 46. Calculate l(q).
10
Let y(o) = o**2 - 2*o. Let m(l) = l. Let k be m(3). Suppose 15 = k*r + 4*a - a, 3*r - 4*a - 8 = 0. Determine y(r).
8
Let z(i) = -i**3 - 13*i**2 + 15*i - 7. Suppose -17*t + 186*t + 1342 = -1024. Give z(t).
-21
Let o(q) be the second derivative of -q**6/120 - q**5/10 - q**4/24 - 5*q**3/6 + 42*q**2 + 65*q. Let v(i) be the first derivative of o(i). What is v(-6)?
1
Let m(c) = -6*c - 3*c**2 + 3*c - 1 + 2*c**2. Let v be 0/(1*(1 + -2)) + 2. Let u(t) = t**3 - 4*t**2 + 5*t - 6. Let g be u(v). Determine m(g).
-5
Let z(r) = -2*r. Suppose 5*p + 9*u = 14*u + 150, -2*u - 2 = 0. Suppose 3*m = -4*s + 7, 26*m - p*m + s = -2. Give z(m).
-2
Suppose 5*g = -4*l + 87, -5*g + 31 + 4 = 0. Let x(z) = z - 18. Calculate x(l).
-5
Let o(p) = p**3 - 3*p**2 - 5*p + 5. Let u = -80 + 80. Suppose u = 5*f + 122 - 142. Calculate o(f).
1
Let h(y) = -y**2 - 31*y + 231. Let m be (-5)/(-30)*324/9. Determine h(m).
9
Let v(i) = 18*i**3 - 2*i**2 - 5*i + 6. Let r be 0 - 1 - (3608/(-44))/41. Calculate v(r).
17
Let o(j) be the first derivative of 7*j**2/2 - 37*j - 5228. Calculate o(4).
-9
Let r(h) = -h - 6. Let n be 1/3 + (-80)/15. Let i be r(n). Let z(d) = -2324. Let f(v) = -v - 2789. Let t(u) = -5*f(u) + 6*z(u). Calculate t(i).
-4
Let p(m) be the first derivative of -m**4/2 + 10*m**3/3 - m**2/2 - 2*m + 5197. What is p(4)?
26
Let r(b) = 6 - 3 - 2 - 3 - 2*b. Suppose q = -q + 20. Let x(w) = w - 15. Let d be x(q). Give r(d).
8
Let x(n) = -2*n. Suppose -5*m + 2*b = 30, 3*b - 30 = m + 4*m. Let h be (-2 + m)*(-13)/(-26). Calculate x(h).
8
Let r = -5 - -14. Let x(d) = 1 - r*d + 6*d - 2. Suppose -2*w + 10 = -154*o + 151*o, -5*w - 3*o + 4 = 0. Calculate x(w).
-7
Let o(c) = -2*c + 10. Let n(j) = -5*j + 14. Let t(l) = -4*n(l) + 5*o(l). Calculate t(4).
34
Let l(f) = 1945*f - 40. Let p be l(0). Let w(q) = -2*q - 54. Calculate w(p).
26
Let c(r) = -r**3 + 36*r**2 - 224*r. Let s be c(28). Let f(u) = -u**3 + u**2 - 3*u + 18. What is f(s)?
18
Suppose -28*m + 1212 - 96 = 65*m. Let c(t) = 10*t**2 - 122*t + 18. What is c(m)?
-6
Let s(p) be the third derivative of -p**5/30 + 31*p**4/24 + 8*p**3/3 + 352*p**2. Determine s(16).
0
Let m(d) = -d**2 + 8*d + 12. Let s(r) = -r**3 - 7*r**2 + 17*r - 3. Let u be s(-9). Let o be m(u). Suppose -48 = -4*g - o. Let j(p) = 2*p - 5. Calculate j(g).
7
Let m(c) be the third derivative of -c**5/20 + 113*c**4/24 + 19*c**3/3 + 2800*c**2. What is m(38)?
0
Let x(z) be the second derivative of -z**6/120 - 7*z**5/60 - 32*z**2 - z + 53. Let u(a) be the first derivative of x(a). What is u(-7)?
0
Suppose -2*r - 36 + 212 = 0. Let k = -94 + r. Let f(i) be the third derivative of i**6/120 + 7*i**5/60 + 7*i**4/24 + 3*i**2. Give f(k).
-6
Let c(a) = -a**2 + 2*a - 1. Let r(o) = -6*o**2 - 19*o + 9. Let z be r(-4). Let g(t) = 7*t + 84. Let j be g(z). Determine c(j).
-36
Let l(h) = -4*h - 1. Let r = -1669 + 1673. Let k(g) = -23*g - 2. Let m(a) = -11*a - 1. Let n(d) = -6*k(d) + 13*m(d). Let t(o) = r*l(o) - 3*n(o). Calculate t(5).
-6
Let r(j) = j + 63. Let s be r(-17). Suppose -16*v - s = 82. Let m(f) = -3*f - 10. Calculate m(v).
14
Suppose 2*z - 5*o = 10 - 4, -46 = -5*z - 3*o. Suppose -4*w + 4*x = 0, z*w - 4*x + 6 = 6*w. Let p(y) = y**3 - 4*y**2 - 1. Give p(w).
-10
Let p be -5 - (-7 + 4) - (-1 - 12). Suppose 6*y - p*y = -15. Let z(b) = b. Let o(h) = -9*h + 3. Let s(j) = o(j) + 5*z(j). Determine s(y).
-9
Let o be (0/24)/(4 - 0)*1. Let f(h) = 50*h. Calculate f(o).
0
Let s(n) = 2*n - 1. Let m(p) = 8*p**2 + 4*p - 1. Let c(l) = -m(l) + 2*s(l). Let d be -3 - (21/(-6) + 2)*42. Let r = d - 61. Calculate c(r).
-9
Let y = 23 + -26. Let z(c) = 2 - 5 + 2 + 4. Let n(p) = p - 6. Let o(v) = y*n(v) - 6*z(v). Determine o(5).
-15
Let d = 75 - 51. Let t(f) = d*f + 1 - 25*f - 5. Suppose -13*w = -2*w + 33. Determine t(w).
-1
Let d be (-27)/((-15 + -18)/11). Let y(z) = -25*z + 236. Give y(d).
11
Suppose 5*r = 9*r + 3*s + 8, -7*s + 10 = -5*r. Let k(l) = -2*l**3 - 4*l**2 - 12*l - 20. Give k(r).
4
Let u(b) = -b**3 - 11*b**2 + b + 6. Suppose -3*h = -448 - 473 + 954. What is u(h)?
-5
Let m = 393 - 399. Let w(g) = 0*g + 5 - 3*g + 7*g - 2*g. Calculate w(m).
-7
Let s(v) = -v**3 + 8*v**2 - 10*v + 7. Let z be (-2)/((-4)/1 - 18/(-5)). Suppose -3*y + z*f - 4 = 0, f + 2 + 0 = y. What is s(y)?
-14
Let z = -14389 - -14382. Let p(u) = -u**2 + 34. What is p(z)?
-15
Let j(n) = -489*n + 11254. Let z be j(23). Let g(s) = -9*s**2 + 63*s + 9. What is g(z)?
9
Let l(m) = -m**3 + 8*m**2 - 3*m - 3. Suppose 0 = -7*o + o + 4*p + 64, -3*o = 4*p - 8. Give l(o).
-27
Let t(a) be the third derivative of -a**6/120 - a**5/15 + a**4/4 + 2*a**3/3 + 4*a**2. Suppose 2*z + 5*w = 8 - 16, -5*z - w - 20 = 0. Give t(z).
-20
Let i(t) = 45*t**3 + 7*t**2 - 9*t. Let k(z) = -23*z**3 - 3*z**2 + 4*z. Suppose -f + 3 = -x + 9, 0 = 3*f - 9. Let u(n) = x*k(n) + 4*i(n). What is u(1)?
-26
Let u(g) be the first derivative of 13*g**2/2 - 10*g - 1039. Give u(1).
3
Let f(l) = 56974*l + 1060*l**3 - 56976*l - 1076*l**3 - 1. Let x be (-3)/4 + 1/(-4). Calculate f(x).
17
Let n(u) = u**3 - u**2 - 3*u + 3. Let q(z) = -3*z - 84 - 8*z + 35*z - 43 + 41*z. Let j be q(2). Determine n(j).
12
Let j(s) be the second derivative of s**5/20 - s**4/12 + s**3/6 + s**2 + 3*s. Suppose 5*c = 10*c - 4*h - 10, -3*h - 10 = -5*c. Determine j(c).
8
Let c(m) be the second deri